03?
-2241324
In base 11, what is -17a58a + 5?
-17a585
In base 10, what is 9453888 - -5?
9453893
In base 11, what is -7 - -1a14?
1a08
In base 9, what is -836 + -104?
-1041
In base 9, what is -2 + 847834?
847832
In base 4, what is 32210300 + -200?
32210100
In base 8, what is 15 - 1005251?
-1005234
In base 8, what is -1 - -170615?
170614
In base 4, what is -11111301 - -13?
-11111222
In base 7, what is -163403 + 0?
-163403
In base 4, what is 1301 - -223321?
231222
In base 9, what is 57 - 16184?
-16126
In base 16, what is -82d + -99?
-8c6
In base 11, what is -9045 + 50a?
-8636
In base 12, what is 1440 - 20?
1420
In base 12, what is -816 - 41?
-857
In base 10, what is -240 + 53?
-187
In base 11, what is 8 + -20563?
-20556
In base 15, what is -44a57 - -3?
-44a54
In base 14, what is 4 + -1b049?
-1b045
In base 8, what is 42 - 321064?
-321022
In base 7, what is 14 + 3354?
3401
In base 6, what is 2 + 14111?
14113
In base 10, what is -17 + -5171?
-5188
In base 2, what is 1101011100000010101 - -101?
1101011100000011010
In base 9, what is 1 + -1665725?
-1665724
In base 12, what is 6 + 10778b?
107795
In base 15, what is 601e - -2?
6021
In base 7, what is 5 - 634005?
-634000
In base 6, what is 242 + 51251?
51533
In base 15, what is 7 + 515b?
5163
In base 10, what is 552133 - 2?
552131
In base 14, what is 12 - -11861?
11873
In base 5, what is -300121422 - -2?
-300121420
In base 12, what is 8 - 885?
-879
In base 3, what is 1 - -1000111020210?
1000111020211
In base 9, what is -43 + -3538?
-3582
In base 4, what is -23 + -32112010?
-32112033
In base 9, what is 16 + 2865?
2882
In base 5, what is 10 - 130231?
-130221
In base 7, what is -34 - -56442?
56405
In base 2, what is 11011101 + -11101001011?
-11001101110
In base 10, what is -1 + -164109?
-164110
In base 14, what is 116 - 235?
-11d
In base 9, what is -12 + 278?
266
In base 5, what is 4 + 441313?
441322
In base 5, what is -104311410 + 0?
-104311410
In base 11, what is -1a84 - -109?
-1976
In base 15, what is 3d5 + -19?
3bb
In base 14, what is 11d + a0a?
b29
In base 4, what is 1013233310 + 11?
1013233321
In base 8, what is 1246233 + 2?
1246235
In base 11, what is -118 + -16?
-133
In base 9, what is -674 - -7?
-666
In base 9, what is 50876 + -5?
50871
In base 3, what is -10020 + 20?
-10000
In base 2, what is 111101011 - -1010?
111110101
In base 14, what is -2 - 7d28a?
-7d28c
In base 4, what is 232 + 20020132?
20021030
In base 13, what is -a337 + 25?
-a312
In base 7, what is 14 + -25465?
-25451
In base 13, what is 136 - -674?
7aa
In base 9, what is -745118 + -1?
-745120
In base 13, what is -a8 + -670?
-748
In base 6, what is 2 - 40533?
-40531
In base 10, what is -960 + -472?
-1432
In base 8, what is 2133 - -15?
2150
In base 5, what is -14 + 112234?
112220
In base 11, what is 959a4a + -1?
959a49
In base 8, what is 305 + 53?
360
In base 6, what is -1003225 - 3?
-1003232
In base 8, what is -3 - 146061?
-146064
In base 14, what is -7a7 + 3?
-7a4
In base 6, what is -43321 - -13?
-43304
In base 7, what is 36 - 503266?
-503230
In base 3, what is -222 + -2111102?
-2112101
In base 5, what is 12314 - -434?
13303
In base 6, what is 104202 - 5?
104153
In base 13, what is 18 + -16769?
-16751
In base 8, what is 1 + 2056?
2057
In base 13, what is 321 + 4b3?
804
In base 11, what is -5 + 7a96?
7a91
In base 16, what is -2 - 516?
-518
In base 15, what is -13 + -e82?
-e95
In base 10, what is -2298 - 244?
-2542
In base 15, what is -2e17 + -5?
-2e1c
In base 14, what is 2 - -3639?
363b
In base 8, what is 54 + 2311?
2365
In base 8, what is 1625073 + -2?
1625071
In base 4, what is -30 + -102031?
-102121
In base 2, what is 1 - 1101000100001110010?
-1101000100001110001
In base 7, what is 15 + 1350?
1365
In base 3, what is 1000112112 + 1000?
1000120112
In base 4, what is -2031022033 - -1?
-2031022032
In base 14, what is -b + -2c46?
-2c53
In base 10, what is -25 + -6229?
-6254
In base 4, what is -10 + -11022112?
-11022122
In base 2, what is 101 - -100011000000001?
100011000000110
In base 14, what is -2758 - -4?
-2754
In base 4, what is 120 + -3200333?
-3200213
In base 12, what is 4 + b153?
b157
In base 3, what is 10000220 + 201120?
10202110
In base 16, what is 167444 + 4?
167448
In base 13, what is -2937 - -15?
-2922
In base 12, what is -281 + 85b?
59a
In base 10, what is 230072 + -2?
230070
In base 7, what is 125342 + 5?
125350
In base 15, what is 65995 - 1?
65994
In base 16, what is -22e4e + 15?
-22e39
In base 10, what is -108 + 528?
420
In base 5, what is 2343314 - -23?
2343342
In base 14, what is -8 + 7818?
7810
In base 12, what is -185 + -664?
-829
In base 9, what is -12 - 846?
-858
In base 14, what is 4bc99 + 2?
4bc9b
In base 9, what is 3 - 32520?
-32516
In base 2, what is -1101101010011 - 10001000?
-1101111011011
In base 3, what is 10 - 20102120222?
-20102120212
In base 6, what is 1032 + 20?
1052
In base 2, what is 101 - 1000010100001000?
-1000010100000011
In base 2, what is -100 + 1111101000111111110?
1111101000111111010
In base 12, what is 312b - 149?
2ba2
In base 14, what is -2 + 5406?
5404
In base 10, what is 1413 - -3?
1416
In base 8, what is 15003 - 33?
14750
In base 16, what is -e1da + -2?
-e1dc
In base 12, what is 939 - -26b?
ba8
In base 8, what is 24775 - -5?
25002
In base 13, what is -39 + 79b7?
797b
In base 3, what is 21122200 + 111?
21200011
In base 5, what is -20 + -14203120?
-14203140
In base 7, what is 5516025 + 1?
5516026
In base 8, what is -246265 - 13?
-246300
In base 8, what is 4 + 1407027?
1407033
In base 5, what is 3222 + -3012?
210
In base 11, what is 1 - 9811?
-9810
In base 4, what is -1031133 + 12230?
-1012303
In base 8, what is 11243 - -55?
11320
In base 14, what is -bcc + -77?
-c65
In base 9, what is -250751 + 27?
-250723
In base 11, what is -132678 + -1?
-132679
In base 2, what is -1011 - -11100101110111111?
11100101110110100
In base 11, what is -63703 - 8?
-63710
In base 7, what is 232165 - 3?
232162
In base 9, what is 0 - 53850?
-53850
In base 2, what is -100011101 - 10001000110?
-10101100011
In base 2, what is 11001101001001010 + -100?
11001101001000110
In base 16, what is -30 - -68b?
65b
In base 12, what is 1b9 + -1722?
-1525
In base 14, what is -49 + -2817?
-2862
In base 15, what is 58 + -102?
-99
In base 8, what is -4 - 532?
-536
In base 9, what is -61 - 13?
-74
In base 7, what is 50 - -22265?
22345
In base 5, what is -111103 - 22?
-111130
In base 14, what is -2a2 + -966?
-c28
In base 3, what is -2 - -10011211000?
10011210221
In base 15, what is -7 + -eb2?
-eb9
In base 14, what is -1ad + 91?
-11c
In base 2, what is 100000010111010110 + -11?
100000010111010011
In base 6, what is -123 - -233124?
233001
In base 5, what is -14130 + -124?
-14304
In base 9, what is -330 - -226?
-103
In base 9, what is 1388865 - -1?
1388866
In base 11, what is 1 - 40a4?
-40a3
In base 10, what is -48 - -58?
10
In base 5, what is 4 - -1402340?
1402344
In base 3, what is 122120202011 - 2?
122120202002
In base 6, what is -513034 - 253?
-513331
In base 5, what is 113002 - 11?
112441
In base 15, what is 93ea + 1?
93eb
In base 3, what is 2000101212 + -11?
2000101201
In base 10, what is 148 - -76?
224
In base 10, what is -42190 - 6?
-42196
In base 5, what is 10 - 210322?
-210312
In base 6, what is -110125 - -5?
-110120
In base 8, what is -27012 + 422?
-26370
In base 4, what is 1 - -1321111?
1321112
In base 15, what is b - 4d9?
-4cd
In base 4, what is 1111003221 + -20?
1111003201
In base 15, what is 2c7 - -1783?
1a5a
In base 10, what is 5465 - -30?
5495
In base 6, what is -13 - 15343?
-15400
In base 7, what is -1502 - 50?
-1552
In base 11, what is 318a + -19?
3171
In base 9, what is 126835 + -1?
126834
In base 11, what is -43a59 - 2?
-43a60
In base 4, what is -2113302 + -1002?
-2120310
In base 10, what is 30 + 17849?
17879
In base 5, what is -101 - 103104?
-103210
In base 3, what is 1111100112 + -20?
1111100022
In base 11, what is -19629 + 1?
-19628
In base 9, what is -7326 + -452?
-7778
In base 8, what is 21627552 + 0?
21627552
In base 7, what is 15 + -13305?
-13260
In base 9, what is 0 + 6827?
6827
In base 12, what is 2 + 5032?
5034
In base 16, what is 6 - -1037ed?
1037f3
In base 10, what is -9 - -489789?
489780
In base 4, what is -3001102 + -1?
-3001103
In base 4, what is 3030 + -2002?
1022
In base 11, what is 263 - -96?
349
In 